{"id":768,"date":"2022-02-23T21:06:07","date_gmt":"2022-02-23T21:06:07","guid":{"rendered":"https:\/\/demo.creativethemes.com\/stagingfour\/?page_id=768"},"modified":"2025-04-25T14:17:53","modified_gmt":"2025-04-25T19:17:53","slug":"quienes-somos-astrologia","status":"publish","type":"page","link":"https:\/\/astroarsanima.com\/index.php\/quienes-somos-astrologia\/","title":{"rendered":"\u00bfQui\u00e9nes somos?"},"content":{"rendered":"\n<figure class=\"wp-block-embed is-type-video is-provider-youtube wp-block-embed-youtube wp-embed-aspect-16-9 wp-has-aspect-ratio\"><div class=\"wp-block-embed__wrapper\">\n<iframe loading=\"lazy\" title=\"\u00bfQu\u00e9 es Ars Anima Astrolog\u00eda Humanista?\" width=\"1293\" height=\"727\" src=\"https:\/\/www.youtube.com\/embed\/DchU3Yk3EK0?feature=oembed\" frameborder=\"0\" allow=\"accelerometer; autoplay; clipboard-write; encrypted-media; gyroscope; picture-in-picture; web-share\" referrerpolicy=\"strict-origin-when-cross-origin\" allowfullscreen><\/iframe>\n<\/div><\/figure>\n\n\n\n<details class=\"wp-block-stackable-accordion stk-block-accordion stk-inner-blocks stk-block-content stk-block stk-1406acc is-style-default\" data-block-id=\"1406acc\"><style>.stk-1406acc{margin-bottom:50px !important}<\/style>\n<summary class=\"wp-block-stackable-column stk-block-column stk-column stk-block stk-8dc3177 stk--container-small stk-block-accordion__heading\" data-v=\"4\" data-block-id=\"8dc3177\"><div class=\"stk-column-wrapper stk-block-column__content stk-container stk-8dc3177-container stk-hover-parent\"><div class=\"stk-block-content stk-inner-blocks stk-8dc3177-inner-blocks\">\n<div class=\"wp-block-stackable-icon-label stk-block-icon-label stk-block stk-afd84d4\" data-block-id=\"afd84d4\"><div class=\"stk-row stk-inner-blocks stk-block-content\">\n<div class=\"wp-block-stackable-heading stk-block-heading stk-block-heading--v2 stk-block stk-d088dc0\" id=\"span-style-color-var-theme-palette-color-5-303030-class-stk-highlight-que-es-ars-anima-astrologia-span\" data-block-id=\"d088dc0\"><style>.stk-d088dc0 .stk-block-heading__text{font-size:62px !important;font-family:\"Palatino Linotype\",Palatino,Palladio,\"URW Palladio L\",\"Book Antiqua\",Baskerville,\"Bookman Old Style\",\"Bitstream Charter\",\"Nimbus Roman No9 L\",Garamond,\"Apple Garamond\",\"ITC Garamond Narrow\",\"New Century Schoolbook\",\"Century Schoolbook\",\"Century Schoolbook L\",Georgia,serif !important}@media screen and (max-width:1023px){.stk-d088dc0 .stk-block-heading__text{font-size:50px !important}}@media screen and (max-width:767px){.stk-d088dc0 .stk-block-heading__text{font-size:30px !important}}<\/style><h4 class=\"stk-block-heading__text\"><span style=\"color: var(--theme-palette-color-5, #303030);\" class=\"stk-highlight\">\u00bfQu\u00e9 es Ars Anima Astrolog\u00eda?<\/span><\/h4><\/div>\n\n\n\n<div class=\"wp-block-stackable-icon stk-block-icon stk-block stk-b172e1e\" data-block-id=\"b172e1e\"><span class=\"stk--svg-wrapper\"><div class=\"stk--inner-svg\"><svg style=\"height:0;width:0\"><defs><linearGradient id=\"linear-gradient-b172e1e\" x1=\"0\" x2=\"100%\" y1=\"0\" y2=\"0\"><stop offset=\"0%\" style=\"stop-opacity:1;stop-color:var(--linear-gradient-b-172-e-1-e-color-1)\"><\/stop><stop offset=\"100%\" style=\"stop-opacity:1;stop-color:var(--linear-gradient-b-172-e-1-e-color-2)\"><\/stop><\/linearGradient><\/defs><\/svg><svg data-prefix=\"fas\" data-icon=\"chevron-down\" class=\"svg-inline--fa fa-chevron-down fa-w-14\" xmlns=\"http:\/\/www.w3.org\/2000\/svg\" viewBox=\"0 0 448 512\" aria-hidden=\"true\" width=\"32\" height=\"32\"><path fill=\"currentColor\" d=\"M207.029 381.476L12.686 187.132c-9.373-9.373-9.373-24.569 0-33.941l22.667-22.667c9.357-9.357 24.522-9.375 33.901-.04L224 284.505l154.745-154.021c9.379-9.335 24.544-9.317 33.901.04l22.667 22.667c9.373 9.373 9.373 24.569 0 33.941L240.971 381.476c-9.373 9.372-24.569 9.372-33.942 0z\"><\/path><\/svg><\/div><\/span><\/div>\n<\/div><\/div>\n<\/div><\/div><\/summary>\n\n\n\n<div class=\"wp-block-stackable-column stk-block-column stk-column stk-block stk-c49aac7 stk-block-accordion__content\" data-v=\"4\" data-block-id=\"c49aac7\"><div class=\"stk-column-wrapper stk-block-column__content stk-container stk-c49aac7-container stk--no-background stk--no-padding\"><div class=\"stk-block-content stk-inner-blocks stk-c49aac7-inner-blocks\">\n<p><\/p>\n\n\n\n<div class=\"wp-block-stackable-text stk-block-text stk-block stk-1f32595\" data-block-id=\"1f32595\"><style>.stk-1f32595 .stk-block-text__text{font-size:20px !important;font-family:\"Palatino Linotype\",Palatino,Palladio,\"URW Palladio L\",\"Book Antiqua\",Baskerville,\"Bookman Old Style\",\"Bitstream Charter\",\"Nimbus Roman No9 L\",Garamond,\"Apple Garamond\",\"ITC Garamond Narrow\",\"New Century Schoolbook\",\"Century Schoolbook\",\"Century Schoolbook L\",Georgia,serif !important}@media screen and (max-width:1023px){.stk-1f32595 .stk-block-text__text{font-size:20px !important}}<\/style><p class=\"stk-block-text__text has-text-align-justify\">Ars Anima significa, en su sentido m\u00e1s literal, el Arte del Alma. Cuando hablamos de Alma hacemos referencia a un tesoro secreto que espera ser revelado a la conciencia solar. El Alma resulta ser, entonces, una sustancia que permanece dormida, un misterio que guarda talentos y habilidades desconocidos para el Yo. De ah\u00ed que se trate de un tesoro escondido. Sin embargo, este solo puede ser descubierto a trav\u00e9s del entrenamiento t\u00e9cnico y del est\u00edmulo creativo, esto es el Arte. As\u00ed, podr\u00edamos decir que la luz an\u00edmica espera ser liberada por medio del arte o impulso creativo de la conciencia. Para lograr su cometido, la conciencia debe recorrer un largo camino a trav\u00e9s de diferentes reinos y enfrentarse a un sinn\u00famero de monstruos y de peligros que aguardan en cada uno de ellos. En este viaje, la conciencia solar no se encuentra sola, debe valerse de acompa\u00f1antes y objetos m\u00e1gicos que lo ayudar\u00e1n a superar los obst\u00e1culos y retos que se presenten en su camino. Solo as\u00ed, nuestro h\u00e9roe interior lograr\u00e1 descubrir su propio valor (sus talentos y habilidades) y compartirlo con el resto del mundo. Esta es la aventura del Alma que nos invita a recorrer la existencia humana a trav\u00e9s de la astrolog\u00eda. En cada uno de nosotros aguarda un tesoro escondido que espera ser descubierto y la astrolog\u00eda es uno de los objetos m\u00e1gicos que nos puede ayudar a encontrarlo.<\/p><\/div>\n<\/div><\/div><\/div>\n<\/details>\n\n\n\n<div class=\"wp-block-group alignfull is-layout-constrained wp-block-group-is-layout-constrained\">\n<details class=\"wp-block-stackable-accordion stk-block-accordion stk-inner-blocks stk-block-content stk-block stk-193f548 is-style-default\" data-block-id=\"193f548\">\n<summary class=\"wp-block-stackable-column stk-block-column stk-column stk-block stk-4d1a55b stk--container-small stk-block-accordion__heading\" data-v=\"4\" data-block-id=\"4d1a55b\"><div class=\"stk-column-wrapper stk-block-column__content stk-container stk-4d1a55b-container stk-hover-parent\"><div class=\"stk-block-content stk-inner-blocks stk-4d1a55b-inner-blocks\">\n<div class=\"wp-block-stackable-icon-label stk-block-icon-label stk-block stk-2e9a2ce\" data-block-id=\"2e9a2ce\"><div class=\"stk-row stk-inner-blocks stk-block-content\">\n<div class=\"wp-block-stackable-heading stk-block-heading stk-block-heading--v2 stk-block stk-03476d1\" id=\"span-style-color-var-theme-palette-color-5-303030-class-stk-highlight-que-hacemos-span\" data-block-id=\"03476d1\"><style>.stk-03476d1 .stk-block-heading__text{font-size:62px !important;font-family:\"Palatino Linotype\",Palatino,Palladio,\"URW Palladio L\",\"Book Antiqua\",Baskerville,\"Bookman Old Style\",\"Bitstream Charter\",\"Nimbus Roman No9 L\",Garamond,\"Apple Garamond\",\"ITC Garamond Narrow\",\"New Century Schoolbook\",\"Century Schoolbook\",\"Century Schoolbook L\",Georgia,serif !important}@media screen and (max-width:1023px){.stk-03476d1 .stk-block-heading__text{font-size:50px !important}}@media screen and (max-width:767px){.stk-03476d1 .stk-block-heading__text{font-size:30px !important}}<\/style><h4 class=\"stk-block-heading__text\"><span style=\"color: var(--theme-palette-color-5, #303030);\" class=\"stk-highlight\">\u00bfQu\u00e9 hacemos?<\/span><\/h4><\/div>\n\n\n\n<div class=\"wp-block-stackable-icon stk-block-icon stk-block stk-8cc51a3\" data-block-id=\"8cc51a3\"><span class=\"stk--svg-wrapper\"><div class=\"stk--inner-svg\"><svg style=\"height:0;width:0\"><defs><linearGradient id=\"linear-gradient-8cc51a3\" x1=\"0\" x2=\"100%\" y1=\"0\" y2=\"0\"><stop offset=\"0%\" style=\"stop-opacity:1;stop-color:var(--linear-gradient-8-cc-51-a-3-color-1)\"><\/stop><stop offset=\"100%\" style=\"stop-opacity:1;stop-color:var(--linear-gradient-8-cc-51-a-3-color-2)\"><\/stop><\/linearGradient><\/defs><\/svg><svg data-prefix=\"fas\" data-icon=\"chevron-down\" class=\"svg-inline--fa fa-chevron-down fa-w-14\" xmlns=\"http:\/\/www.w3.org\/2000\/svg\" viewBox=\"0 0 448 512\" aria-hidden=\"true\" width=\"32\" height=\"32\"><path fill=\"currentColor\" d=\"M207.029 381.476L12.686 187.132c-9.373-9.373-9.373-24.569 0-33.941l22.667-22.667c9.357-9.357 24.522-9.375 33.901-.04L224 284.505l154.745-154.021c9.379-9.335 24.544-9.317 33.901.04l22.667 22.667c9.373 9.373 9.373 24.569 0 33.941L240.971 381.476c-9.373 9.372-24.569 9.372-33.942 0z\"><\/path><\/svg><\/div><\/span><\/div>\n<\/div><\/div>\n<\/div><\/div><\/summary>\n\n\n\n<div class=\"wp-block-stackable-column stk-block-column stk-column stk-block stk-66ed346 stk-block-accordion__content\" data-v=\"4\" data-block-id=\"66ed346\"><div class=\"stk-column-wrapper stk-block-column__content stk-container stk-66ed346-container stk--no-background stk--no-padding\"><div class=\"stk-block-content stk-inner-blocks stk-66ed346-inner-blocks\">\n<div class=\"wp-block-stackable-text stk-block-text stk-block stk-b499c9e\" data-block-id=\"b499c9e\"><style>.stk-b499c9e .stk-block-text__text{font-size:20px !important;font-family:\"Palatino Linotype\",Palatino,Palladio,\"URW Palladio L\",\"Book Antiqua\",Baskerville,\"Bookman Old Style\",\"Bitstream Charter\",\"Nimbus Roman No9 L\",Garamond,\"Apple Garamond\",\"ITC Garamond Narrow\",\"New Century Schoolbook\",\"Century Schoolbook\",\"Century Schoolbook L\",Georgia,serif !important}@media screen and (max-width:1023px){.stk-b499c9e .stk-block-text__text{font-size:20px !important}}<\/style><p class=\"stk-block-text__text has-text-align-justify\">Ars Anima Astrolog\u00eda Humanista es una iniciativa que tiene como fin acompa\u00f1ar a sus consultantes en el proceso de autodescubrimiento de sus propios retos, dificultades, talentos y habilidades simbolizados en su carta natal. Al respecto, es importante aclarar que los significados que guarda la carta astral (el tesoro interior) no son un\u00edvocos ni absolutos y solo pueden revelarse al consultante en la medida en que \u00e9l mismo los explore y trabaje en su vida cotidiana. En ese sentido, la labor del astr\u00f3logo de Ars Anima es proponer interpretaciones al consultante que se acoplen a su relato de vida para as\u00ed estimular el despliegue de las energ\u00edas planetarias y zodiacales. El astr\u00f3logo, entonces, es un int\u00e9rprete del mapa (carta natal) que da orientaciones y pistas al explorador (consultante) para que este se mueva en el territorio y ubique el tesoro; pero no puede recorrer el territorio y encontrar el tesoro por \u00e9l. Dicho de otro modo, la labor y el esfuerzo de encontrar el tesoro interior es propia del consultante y no del astr\u00f3logo. El objetivo y deber del astr\u00f3logo es, m\u00e1s bien, darle pistas y consejos al consultante de lo que puede hacer a la hora de afrontar los obst\u00e1culos de la vida real, as\u00ed como escucharlo y apoyarlo en los momentos de dificultad e incertidumbre. Para ello, Ars Anima ofrece distintos tipos de enfoques, m\u00e9todos y aproximaciones a la carta natal que se pueden encontrar en la pesta\u00f1a de Servicios. <\/p><\/div>\n<\/div><\/div><\/div>\n<\/details>\n<\/div>\n\n\n\n<div class=\"wp-block-stackable-spacer stk-block-spacer stk--no-padding stk-block stk-59d9e47\" data-block-id=\"59d9e47\"><style>.stk-59d9e47{height:0px !important}@media screen and (max-width:767px){.stk-59d9e47{height:0px !important}}<\/style><\/div>\n\n\n\n<details class=\"wp-block-stackable-accordion stk-block-accordion stk-inner-blocks stk-block-content stk-block stk-2c8e3a9 is-style-default\" data-block-id=\"2c8e3a9\">\n<summary class=\"wp-block-stackable-column stk-block-column stk-column stk-block stk-c4043e4 stk--container-small stk-block-accordion__heading\" data-v=\"4\" data-block-id=\"c4043e4\"><div class=\"stk-column-wrapper stk-block-column__content stk-container stk-c4043e4-container stk-hover-parent\"><div class=\"stk-block-content stk-inner-blocks stk-c4043e4-inner-blocks\">\n<div class=\"wp-block-stackable-icon-label stk-block-icon-label stk-block stk-5caa9ff\" data-block-id=\"5caa9ff\"><div class=\"stk-row stk-inner-blocks stk-block-content\">\n<div class=\"wp-block-stackable-heading stk-block-heading stk-block-heading--v2 stk-block stk-4bf708c\" id=\"span-style-color-var-theme-palette-color-5-303030-class-stk-highlight-nuestro-enfoque-span\" data-block-id=\"4bf708c\"><style>.stk-4bf708c .stk-block-heading__text{font-size:62px !important;font-family:\"Palatino Linotype\",Palatino,Palladio,\"URW Palladio L\",\"Book Antiqua\",Baskerville,\"Bookman Old Style\",\"Bitstream Charter\",\"Nimbus Roman No9 L\",Garamond,\"Apple Garamond\",\"ITC Garamond Narrow\",\"New Century Schoolbook\",\"Century Schoolbook\",\"Century Schoolbook L\",Georgia,serif !important}@media screen and (max-width:1023px){.stk-4bf708c .stk-block-heading__text{font-size:50px !important}}@media screen and (max-width:767px){.stk-4bf708c .stk-block-heading__text{font-size:30px !important}}<\/style><h4 class=\"stk-block-heading__text\"><span style=\"color: var(--theme-palette-color-5, #303030);\" class=\"stk-highlight\">Nuestro enfoque<\/span><\/h4><\/div>\n\n\n\n<div class=\"wp-block-stackable-icon stk-block-icon stk-block stk-13b360a\" data-block-id=\"13b360a\"><span class=\"stk--svg-wrapper\"><div class=\"stk--inner-svg\"><svg style=\"height:0;width:0\"><defs><linearGradient id=\"linear-gradient-13b360a\" x1=\"0\" x2=\"100%\" y1=\"0\" y2=\"0\"><stop offset=\"0%\" style=\"stop-opacity:1;stop-color:var(--linear-gradient-13-b-360-a-color-1)\"><\/stop><stop offset=\"100%\" style=\"stop-opacity:1;stop-color:var(--linear-gradient-13-b-360-a-color-2)\"><\/stop><\/linearGradient><\/defs><\/svg><svg data-prefix=\"fas\" data-icon=\"chevron-down\" class=\"svg-inline--fa fa-chevron-down fa-w-14\" xmlns=\"http:\/\/www.w3.org\/2000\/svg\" viewBox=\"0 0 448 512\" aria-hidden=\"true\" width=\"32\" height=\"32\"><path fill=\"currentColor\" d=\"M207.029 381.476L12.686 187.132c-9.373-9.373-9.373-24.569 0-33.941l22.667-22.667c9.357-9.357 24.522-9.375 33.901-.04L224 284.505l154.745-154.021c9.379-9.335 24.544-9.317 33.901.04l22.667 22.667c9.373 9.373 9.373 24.569 0 33.941L240.971 381.476c-9.373 9.372-24.569 9.372-33.942 0z\"><\/path><\/svg><\/div><\/span><\/div>\n<\/div><\/div>\n<\/div><\/div><\/summary>\n\n\n\n<div class=\"wp-block-stackable-column stk-block-column stk-column stk-block stk-92edd62 stk-block-accordion__content\" data-v=\"4\" data-block-id=\"92edd62\"><div class=\"stk-column-wrapper stk-block-column__content stk-container stk-92edd62-container stk--no-background stk--no-padding\"><div class=\"stk-block-content stk-inner-blocks stk-92edd62-inner-blocks\">\n<div class=\"wp-block-stackable-text stk-block-text stk-block stk-92946f4\" data-block-id=\"92946f4\"><style>.stk-92946f4 .stk-block-text__text{font-size:20px !important;font-family:\"Palatino Linotype\",Palatino,Palladio,\"URW Palladio L\",\"Book Antiqua\",Baskerville,\"Bookman Old Style\",\"Bitstream Charter\",\"Nimbus Roman No9 L\",Garamond,\"Apple Garamond\",\"ITC Garamond Narrow\",\"New Century Schoolbook\",\"Century Schoolbook\",\"Century Schoolbook L\",Georgia,serif !important}@media screen and (max-width:1023px){.stk-92946f4 .stk-block-text__text{font-size:20px !important}}<\/style><p class=\"stk-block-text__text has-text-align-justify\">Ars Anima se basa en la Astrolog\u00eda Humanista y la astrogenealog\u00eda. Este tipo de astrolog\u00eda, se centra en las caracter\u00edsticas y propiedades psicol\u00f3gicas del consultante y su pasado familiar. Eso quiere decir que no se trata de una astrolog\u00eda cuya interpretaci\u00f3n determina sucesos futuros o moldes r\u00edgidos de lo que es y puede llegar a ser la persona. La Astrolog\u00eda Humanista y la astrogenealog\u00eda, por el contrario, conciben la carta natal como un sistema de s\u00edmbolos misteriosos cuyos sentidos no se agotan. \u00a0Dichos s\u00edmbolos conectan al consultante con su pasado familiar, las vivencias de sus ancestros, su propia historia de vida y su sentido de vida. \u00a0En suma, la carta natal es un mapa que ayuda a la persona a descubrir tesoros escondidos. Sin embargo, el mapa no es lo mismo que el territorio. El territorio, en este caso, es la aventura de la vida misma y aquel quien puede vivirla es \u00fanicamente el consultante. La astrolog\u00eda es una herramienta para que la persona pueda darle sentido a dichas vivencias y hacer del plomo, su oro.<\/p><\/div>\n\n\n\n<div class=\"wp-block-stackable-text stk-block-text stk-block stk-3fb85a1\" data-block-id=\"3fb85a1\"><style>.stk-3fb85a1 .stk-block-text__text{font-size:20px !important}@media screen and (max-width:1023px){.stk-3fb85a1 .stk-block-text__text{font-size:20px !important}}<\/style><p class=\"stk-block-text__text\">En s\u00edntesis, Ars Anima desde el enfoque de la Astrolog\u00eda Humanista y la astrogenealog\u00eda busca acompa\u00f1ar a sus consultantes a que exploren su propio sentido de vida, enfrenten sus miedos y encuentren sus propios talentos. En este proceso, el astr\u00f3logo puede valerse de distintos m\u00e9todos y t\u00e9cnicas para orientar la b\u00fasqueda del consultante y darle ciertos consejos de c\u00f3mo expresar una u otra energ\u00eda planetaria.<\/p><\/div>\n<\/div><\/div><\/div>\n<\/details>\n","protected":false},"excerpt":{"rendered":"<p>Pellentesque tincidunt tristique neque, eget venenatis enim gravida quis. Fusce at egestas libero. Cras convallis egestas ullamcorper suspens.<\/p>\n","protected":false},"author":1,"featured_media":0,"parent":0,"menu_order":0,"comment_status":"closed","ping_status":"closed","template":"","meta":{"footnotes":""},"blocksy_meta":{"styles_descriptor":{"styles":{"desktop":"","tablet":"","mobile":""},"google_fonts":[],"version":6}},"featured_image_urls":{"full":"","thumbnail":"","medium":"","medium_large":"","large":"","1536x1536":"","2048x2048":""},"post_excerpt_stackable":"<p>Pellentesque tincidunt tristique neque, eget venenatis enim gravida quis. Fusce at egestas libero. Cras convallis egestas ullamcorper suspens.<\/p>\n","category_list":"","author_info":{"name":"astroarsanima.com","url":"https:\/\/astroarsanima.com\/author\/astroarsanima-com\/"},"comments_num":"0 comentarios","_links":{"self":[{"href":"https:\/\/astroarsanima.com\/index.php\/wp-json\/wp\/v2\/pages\/768"}],"collection":[{"href":"https:\/\/astroarsanima.com\/index.php\/wp-json\/wp\/v2\/pages"}],"about":[{"href":"https:\/\/astroarsanima.com\/index.php\/wp-json\/wp\/v2\/types\/page"}],"author":[{"embeddable":true,"href":"https:\/\/astroarsanima.com\/index.php\/wp-json\/wp\/v2\/users\/1"}],"replies":[{"embeddable":true,"href":"https:\/\/astroarsanima.com\/index.php\/wp-json\/wp\/v2\/comments?post=768"}],"version-history":[{"count":16,"href":"https:\/\/astroarsanima.com\/index.php\/wp-json\/wp\/v2\/pages\/768\/revisions"}],"predecessor-version":[{"id":1523,"href":"https:\/\/astroarsanima.com\/index.php\/wp-json\/wp\/v2\/pages\/768\/revisions\/1523"}],"wp:attachment":[{"href":"https:\/\/astroarsanima.com\/index.php\/wp-json\/wp\/v2\/media?parent=768"}],"curies":[{"name":"wp","href":"https:\/\/api.w.org\/{rel}","templated":true}]}}